ber?
True
Is 1552909 composite?
False
Is 1131479 prime?
True
Is 451551 a prime number?
False
Is 770909 a prime number?
True
Is 1264183 prime?
False
Is 7157 a prime number?
False
Is 25727 prime?
False
Is 1411 prime?
False
Is 3907 a prime number?
True
Is 13109 a prime number?
True
Is 409723 a prime number?
True
Is 3191 a composite number?
False
Is 227663 composite?
False
Is 6637 composite?
False
Is 15187 prime?
True
Is 15991 a composite number?
False
Is 3168493 a composite number?
False
Is 15441 a prime number?
False
Is 13963 composite?
False
Is 1727 prime?
False
Is 3967 prime?
True
Is 1233521 composite?
True
Is 21059 prime?
True
Is 1070197 a prime number?
True
Is 608819 a composite number?
False
Is 8571 prime?
False
Is 619363 composite?
False
Is 59809 composite?
False
Is 72533 composite?
False
Is 102247 prime?
False
Is 2741 prime?
True
Is 19207 a prime number?
True
Is 12047 a composite number?
True
Is 33997 a composite number?
False
Is 24281 a composite number?
False
Is 3749 a prime number?
False
Is 52999 a prime number?
True
Is 35221 composite?
False
Is 991 a prime number?
True
Is 11621 composite?
False
Is 43477 a composite number?
True
Is 3547 a prime number?
True
Is 1267 a composite number?
True
Is 25837 a composite number?
True
Is 4751 prime?
True
Is 169801 a prime number?
False
Is 101831 a prime number?
False
Is 4068283 prime?
True
Is 61069 prime?
False
Is 13397 prime?
True
Is 211711 a prime number?
True
Is 43361 composite?
True
Is 275306 composite?
True
Is 163501 a composite number?
True
Is 10753 a prime number?
True
Is 218231 prime?
False
Is 8301 a prime number?
False
Is 802291 prime?
False
Is 431221 a composite number?
True
Is 1903 composite?
True
Is 26653 prime?
False
Is 125591 composite?
False
Is 574207 composite?
True
Is 205651 composite?
False
Is 6521 a prime number?
True
Is 11923 a composite number?
False
Is 70937 a prime number?
True
Is 24337 prime?
True
Is 398081 a composite number?
True
Is 942109 a composite number?
True
Is 320923 composite?
False
Is 40459 prime?
True
Is 260885 a prime number?
False
Is 12661 prime?
False
Is 691 composite?
False
Is 71693 a prime number?
True
Is 65287 a composite number?
False
Is 1334171 prime?
False
Is 127 prime?
True
Is 14515 prime?
False
Is 59326 a prime number?
False
Is 613 a prime number?
True
Is 10555 a prime number?
False
Is 1243 a prime number?
False
Is 8006 a composite number?
True
Is 130719 a composite number?
True
Is 25537 composite?
False
Is 6113 composite?
False
Is 19681 composite?
False
Is 21953 prime?
False
Is 117787 composite?
False
Is 27427 prime?
True
Is 1010707 prime?
False
Is 369363 a composite number?
True
Is 75323 composite?
False
Is 92357 composite?
False
Is 59741 composite?
True
Is 227987 a composite number?
True
Is 47237 a composite number?
False
Is 14051 prime?
True
Is 266281 a prime number?
True
Is 110947 a composite number?
False
Is 3101 prime?
False
Is 157711 a prime number?
False
Is 266633 prime?
True
Is 5723 prime?
False
Is 17663 a composite number?
True
Is 260439 a prime number?
False
Is 4189 a composite number?
True
Is 50231 a prime number?
True
Is 203839 a prime number?
False
Is 94889 a prime number?
True
Is 251 a composite number?
False
Is 175207 prime?
False
Is 174827 a prime number?
False
Is 375743 a prime number?
True
Is 3349 composite?
True
Is 9413 composite?
False
Is 10079 prime?
True
Is 7717 a composite number?
False
Is 329009 prime?
True
Is 431017 prime?
True
Is 589387 a prime number?
True
Is 13319 a composite number?
True
Is 645149 prime?
True
Is 30729 composite?
True
Is 62291 a composite number?
True
Is 587 prime?
True
Is 47863 prime?
False
Is 33403 prime?
True
Is 12323 a prime number?
True
Is 716437 composite?
True
Is 10289 composite?
False
Is 6421 a composite number?
False
Is 6281 prime?
False
Is 4007 composite?
False
Is 41063 a prime number?
False
Is 452191 a prime number?
True
Is 118127 a prime number?
True
Is 1986031 prime?
False
Is 20807 prime?
True
Is 14173 a composite number?
False
Is 143137 prime?
True
Is 367 composite?
False
Is 256687 a composite number?
False
Is 586 a composite number?
True
Is 1039127 prime?
True
Is 450343 a composite number?
False
Is 11579 composite?
False
Is 977923 prime?
True
Is 7 composite?
False
Is 947 a composite number?
False
Is 893153 a prime number?
False
Is 13649 composite?
False
Is 13343 prime?
False
Is 74243 a composite number?
True
Is 64703 a prime number?
False
Is 17617 prime?
False
Is 823477 prime?
False
Is 552571 prime?
False
Is 2641319 a prime number?
False
Is 36903 a prime number?
False
Is 84895 prime?
False
Is 227037 a prime number?
False
Is 60803 a composite number?
True
Is 32363 prime?
True
Is 335321 a prime number?
False
Is 38261 prime?
True
Is 39089 a composite number?
False
Is 106909 a prime number?
False
Is 15547 a composite number?
True
Is 85193 a composite number?
False
Is 599921 a prime number?
False
Is 697673 a prime number?
True
Is 143551 a composite number?
False
Is 87869 a composite number?
False
Is 1177 a composite number?
True
Is 170119 composite?
True
Is 1073 a prime number?
False
Is 21237 composite?
True
Is 1355021 a composite number?
False
Is 37951 a prime number?
True
Is 4291 composite?
True
Is 25147 composite?
False
Is 2813 a prime number?
False
Is 5437 a prime number?
True
Is 4699 a composite number?
True
Is 942079 a composite number?
False
Is 237851 a composite number?
False
Is 452131 composite?
False
Is 21059 composite?
False
Is 10097 a composite number?
True
Is 87137 a prime number?
False
Is 7811 a composite number?
True
Is 79103 a prime number?
True
Is 791599 a prime number?
True
Is 273253 a composite number?
False
Is 13307 composite?
True
Is 17519 prime?
True
Is 1259 composite?
False
Is 55985 prime?
False
Is 14699 composite?
False
Is 34793 a composite number?
True
Is 8153 composite?
True
Is 161957 prime?
True
Is 242365 a composite number?
True
Is 286129 a prime number?
True
Is 92465 a composite number?
True
Is 54251 a prime number?
True
Is 5273 a composite number?
False
Is 25997 prime?
True
Is 99211 prime?
False
Is 329449 prime?
False
Is 28081 a composite number?
False
Is 1257911 a prime number?
True
Is 9589 a composite number?
True
Is 116009 prime?
True
Is 5645 a prime number?
False
Is 1423115 prime?
False
Is 476803 a prime number?
True
Is 499349 composite?
False
Is 2617 composite?
False
Is 203578 a prime number?
False
Is 3000463 composite?
False
Is 221447 a prime number?
True
Is 54419 prime?
True
Is 2959 composite?
True
Is 38219 a prime number?
True
Is 23723 a prime number?
False
Is 239803 a composite number?
False
Is 1276565 composite?
True
Is 397051 prime?
True
Is 203141 composite?
False
Is 13043 a prime number?
True
Is 439609 prime?
False
Is 7985 prime?
False
Is 3271 a composite number?
False
Is 199337 prime?
True
Is 7817 a composite number?
False
Is 902729 prime?
False
Is 23773 a composite number?
False
Is 551081 composite?
True
Is 10037 composite?
False
Is 317 a prime number?
True
Is 1051247 a prime number?
True
Is 13567 prime?
True
Is 63239 composite?
True
Is 530457 a composite number?
True
Is 2993 composite?
True
Is 624751 a composite number?
True
Is 39965 composite?
True
Is 18319 a prime number?
False
Is 145505 prime?
False
Is 216823 composite?
True
Is 274709 prime?
True
Is 551219 prime?
True
Is 7377 a prime number?
False
Is 397 prime?
True
Is 4703 a prime number?
True
Is 25697 a prime number?
False
Is 94099 a prime number?
True
Is 71731 prime?
False
Is 6619 a prime number?
True
Is 2700809 prime?
True
Is 18617 a prime number?
True
Is 172033 prime?
False
Is 118127 a composite number?
False
Is 4783 a prime number?
True
Is 4553 prime?
False
Is 474947 a composite number?
True
Is 30931 a composite number?
False
Is 8654 composite?
True
Is 8917 a prime number?
False
Is 21391 a composite number?
False
Is 21433 a composite number?
False
Is 37483 prime?
True
Is 533 composite?
True
Is 2461 a prime number?
False
Is 3263 prime?
False
Is 18757 a composite number?
False
Is 2275303 a prime number?
True
Is 25067 prime?
False
Is 424007 composite?
False
Is 809549 a prime number?
False
Is 18191 composite?
False
Is 1357 a prime number?
False
Is 14101 prime?
False
Is 20499 prime?
False
Is 2293421 a composite number?
True
Is 6737 a prime number?
True
Is 921 composite?
True
Is 8999 a composi